= -4*x - 5*s + 4*s + 54. Let g(t) = 16*t**2 + 2*t**3 + 7*t - 5 - 3*t - 3*t**3. Is g(x) a composite number?
False
Is 7 - (-9 + 8) - -1247655 prime?
True
Let t = -382252 + 664455. Is t composite?
True
Let m(f) = -f**3 + 4*f**2 - 16*f - 5. Suppose -5*u + 9 = -16. Let g be m(u). Let l = g - -403. Is l composite?
False
Let d(l) = -87*l - 9. Let c be d(-8). Let w = c - 268. Is w a prime number?
True
Suppose -13*c + 15*c = 615190. Is c a composite number?
True
Let x(y) be the second derivative of 535*y**3/6 - y**2/2 - 175*y. Suppose 0*r - 6 = -3*r. Is x(r) composite?
False
Let d(k) = 4*k - 30. Let m be d(8). Let o be (-3 - -3)/((-3)/1) + m. Suppose 0 = -5*p - 3*b + 12055, 4822 = 2*p - 0*p - o*b. Is p composite?
False
Let u(n) = 26398*n**2 + 41*n + 26. Is u(-5) composite?
True
Suppose 443*z = 445*z - 1046. Suppose 0 = 530*u - z*u - 18193. Is u a prime number?
False
Let z(h) = -19*h + 37. Let m be z(-11). Suppose -3*g + 2*g + m = 0. Is 1*-1 - -4*g/6 a composite number?
False
Suppose 29*q = 61*q - 92704. Is q a prime number?
True
Suppose -g - 3332 = -8*g. Suppose -5*m - g = -d + 81, 0 = 4*m + 8. Let a = 1124 + d. Is a prime?
False
Suppose 5*b + 2*i = 208587, 0 = 4*b - 349*i + 354*i - 166856. Is b prime?
True
Let o be ((11 - 50/10) + -99)*-113. Let a(m) = 2282*m + 2. Let y be a(-3). Let b = o + y. Is b prime?
False
Suppose 3*j - 2*j = -5*w - 17061, 4*w - j = -13647. Let c = -2026 - w. Let v = c + -899. Is v composite?
False
Is -48 + 36 - (0 - 1659275) prime?
True
Suppose 2*w - 12 = -3*s + 1, 5*s - 5 = 0. Suppose w*t - 5*n - 104985 = -0*t, -4*t = -3*n - 83984. Is t prime?
False
Let s(o) = 2*o + 42. Let t(v) = v + 14. Let b(p) = -4*s(p) + 11*t(p). Let q be b(3). Is q - -2 - -2 - -1320 prime?
True
Let u = -171144 + 497398. Is u composite?
True
Let a(n) = 6716*n - 2. Let p be a(1). Suppose -16*r + p = 2*r. Is r composite?
False
Let s = -298 - -321. Suppose 46*o = s*o + 2921. Is o a composite number?
False
Let b(v) be the third derivative of -971*v**4/24 - 3*v**3 + 24*v**2 - 1. Is b(-1) a prime number?
True
Let c(l) be the first derivative of 133*l**2 + 51*l + 2. Is c(11) a composite number?
True
Let m = -191 - -195. Suppose m*c + 19248 = 4*i - 3544, -5*i = 2*c - 28525. Is i prime?
False
Suppose 6*s = 3*s + 48. Suppose s = -2*p + 20. Suppose p*l = -l + 1257. Is l a prime number?
True
Suppose -2*d + t - 2*t - 145794 = 0, -5*t = 4*d + 291588. Let j = d - -41689. Is (-4)/14 - j/56 a prime number?
True
Suppose 79726 + 694578 = 32*x. Is x a composite number?
False
Let o be (-20532)/(-90) - 2/15*1. Let z = -1034 + o. Let m = z + 1392. Is m composite?
True
Let s(h) = 2*h**2 + 12*h. Let a be s(-6). Suppose a*n = -2*n + 6. Suppose -3*t = -n, 5*q + 2*t = -2*t + 3314. Is q composite?
True
Is ((-39594)/(-8))/((45/(-36))/(-5)) a composite number?
True
Suppose -5*k = -4*h + 106, 0 = 2*h - 3*h + 3*k + 30. Suppose -71318 = -h*n - 2*n. Is n a composite number?
True
Suppose 2*w - 540 = 2*g + 3370, 5*w = 25. Let b = 12293 + g. Is b composite?
False
Suppose 4*k - 3*b + b + 159874 = 0, 5*k = 3*b - 199842. Is (-11)/(198/k)*(0 - -10) a prime number?
False
Let c(b) = 330*b**2 + 106*b - 2323. Is c(20) prime?
True
Suppose 3 = z + t, 15 = 19*z - 14*z + 4*t. Suppose 2*q = d - 365, 0*d + 2*d + 4*q - 690 = 0. Suppose -3*v + 4*k = -365, -z*v + 9*k + d = 10*k. Is v prime?
False
Suppose 0 = 34*u + 394557 - 1338839. Suppose 12*m - u = 13471. Is m composite?
True
Let h(i) = -5*i**3 + 5*i**2 - 2*i + 61. Suppose 5*m + 4*o + 85 = 9*o, -3*o = -m - 27. Is h(m) composite?
True
Suppose -118357 - 616745 = -18*m. Is m a composite number?
True
Suppose -3*j = 2*x - 1291170 - 718111, 1339538 = 2*j - 3*x. Is j a prime number?
True
Suppose 8 = -4*y, 20 = 4*l + l + 5*y. Suppose l*v - 24 = 2*v. Suppose -7*o + 199 = -v*o. Is o prime?
True
Suppose 25*y = -12*y + 11455163. Is y prime?
True
Let m(p) be the third derivative of -14/3*p**3 - 61/8*p**4 + 0*p - 22*p**2 + 0. Is m(-5) composite?
False
Let w(r) = 3*r + 5228. Is w(-27) a prime number?
True
Let b = 7 + -4. Let v be 6/b*2 + -2. Suppose 129 = v*f - 1. Is f composite?
True
Let l be -15*((-4)/5 + (-3798)/15). Suppose -586*x + l = -580*x. Is x prime?
False
Let r(u) = -3*u**2 + 13. Let v be r(8). Let i = -253 - v. Let a = i - -337. Is a composite?
False
Suppose m = 24*m - 323702. Suppose 8*z = 7*z - 4*k + 7049, -2*z + 4*k + m = 0. Is z composite?
True
Let t be 1114*(1/4)/((-1)/(-6)). Let r be (-5)/(-45)*6*t. Let g = r + -441. Is g prime?
True
Let c = -94015 - -131797. Let q = c - 21515. Is q a composite number?
False
Suppose -a + 9771 = 5*s, 4*a - 4406 = -5*s + 5368. Suppose 0 = 19*z - 27314 - 39015. Let n = z - s. Is n a prime number?
False
Suppose -22*o = -9*o - 39. Suppose 20768 + 55015 = o*g. Is g composite?
False
Let i = 217207 + -110916. Is i composite?
False
Let f be (-2 - 1)*(-124)/93. Is (-3)/(-6)*-8 + (f - -4439) prime?
False
Suppose -j = 0, -y + j - 1 = -3. Is (y*-457)/((14/5)/(-7)) a prime number?
False
Let o(k) = k**3 + k**2 + k + 2. Let h be o(0). Let l be ((-12)/h)/2 + 123. Suppose 438 = 3*d + l. Is d composite?
True
Let g(s) = -10*s**3 - s**2 - 3*s - 5. Suppose -8*w + 2 = -6*w. Let c(i) = -6*i**3 + i**2 + 1. Let r be c(w). Is g(r) prime?
True
Let u(s) = 3*s**2 - 14*s - 131. Is u(-56) a composite number?
False
Suppose -15*f + 5*j = -12*f - 335042, -5*j + 223353 = 2*f. Is f a prime number?
False
Let b(h) = -1924*h - 15. Let y(v) = 1925*v + 16. Let n(i) = -6*b(i) - 5*y(i). Is n(3) prime?
False
Let l be (105/56)/5 + 765/8. Is (-22215)/(-8) - (-12)/l prime?
True
Suppose -4*h - 34 = 3*n, -5*h + n + 0*n - 33 = 0. Let z(t) = t**3 + 9*t**2 + 9*t + 8. Let q be z(h). Suppose -37*r = -q*r + 9738. Is r composite?
True
Suppose 142 = 25*k + 392. Let f(q) be the second derivative of q**5/20 + q**4 - 11*q**3/6 - 3*q**2/2 + 27*q. Is f(k) composite?
False
Suppose 1133 = 4*v - r, v = -0*v + 3*r + 297. Let c = v - -967. Is c composite?
False
Suppose 2521 = 9*x + 28. Let u = x - -40. Is u a prime number?
True
Let t(h) = h**3 - h + 1. Let d(n) = -n**3 - 14*n**2 + 12*n + 14. Let a(s) = -d(s) - 2*t(s). Let y be a(13). Suppose -22*b = -y*b + 347. Is b a prime number?
True
Suppose -16 = 5*v - 9*v + 4*j, 23 = 2*v + 3*j. Let m(l) = 668*l**2 + 36*l + 9. Is m(v) a composite number?
False
Suppose 1 = -4*u - 3, 0 = -2*t - 4*u + 27056. Suppose -11*p = -p + t. Let q = 3358 + p. Is q composite?
True
Let p(z) = z**2 + 4*z + 565. Let y(i) = -5*i + 10. Let f be y(2). Is p(f) a composite number?
True
Let l(q) = -q**3 - 78*q**2 + 95*q - 161. Is l(-87) a composite number?
True
Suppose -14 = -u - 2. Suppose u = 7*j - 3*j. Is (-3)/(0 - j)*481 a composite number?
True
Let r(u) be the third derivative of 13*u**6/120 - 11*u**5/60 + u**4/4 + 4*u**3 + 115*u**2 - 1. Is r(7) composite?
True
Let w = 1854 + -1846. Let l(k) = 3*k + 6. Let j be l(-4). Is 12/w*(-232)/j composite?
True
Let u = 13003 + 4105. Let x = u + -10041. Let m = x + 824. Is m a prime number?
False
Let f = -59 - -62. Let z be 29/5 + (f + -9)/(-30). Is z*(-6)/45 + (-1438)/(-10) composite?
True
Let i = 1935 + -1166. Let s = i + -546. Is s a prime number?
True
Let p = -300105 - -512106. Is p composite?
True
Let x(m) = -m**2. Let r(d) = 15*d**2 - 2*d - 17. Let k(h) = r(h) + 6*x(h). Let i(c) = -c + 14. Let a be i(8). Is k(a) a prime number?
False
Let t(h) = 14155*h**2 + 67*h + 65. Is t(4) composite?
False
Let g(l) = l**3 - 13*l**2 - 4*l - 6. Let a be g(14). Is (a/(-8))/((-5735)/(-820) - 7) composite?
True
Let p(k) = -30*k**2 + 2*k + 136027. Is p(0) a composite number?
False
Let r(i) = -14129*i**3 + 11*i**2 + 12*i + 13. Is r(-2) a prime number?
False
Suppose 3*y + 11*f = 15*f + 425176, -y = -5*f - 141740. Suppose -17*v - 37697 = -y. Is v prime?
False
Suppose -17*c - 2*i = -22*c + 321821, -3*c + 2*i = -193087. Is c a composite number?
True
Let g = 421 + -416. Suppose -177230 = -g*h - 39175. Is h a prime number?
True
Suppose 4*l - 1027884 = 2*z, 4*l - 3*z = 1209502 - 181610. Is l prime?
True
Is (-2)/((-3736018)/3735974 + (-3)/(-3)) a composite number?
False
Suppose 0 = 14*q - 9*q - s - 1987588, -1192536 = -3*q - 5*s. Is q composite?
False
Let y(i) = -i**2 + 11*i + 37. Let b be y(-3). Let g(x) = -19*x**3 - 3*x**2 - 28*x - 159. Is g(b) a composite number?
False
Let a be (-117215)/45 - (-4)/(-18). Is ((a/(-3))/5)/((-1)/(-57)) composite?